me factors of 84/8 + f/(-4)?
11
Suppose -132 = 2*n - 6*n. What are the prime factors of n?
3, 11
Suppose 2*q + 3*q + 4*u + 10 = 0, 0 = 2*q + 5*u + 21. Suppose -3*h + 16 = -q*m, -h + 0*h - m = -2. List the prime factors of h.
2
Suppose 3*u = -4*v + 9*v + 393, -3*u = 5*v - 363. List the prime factors of u.
2, 3, 7
Suppose 0 = 7*l - 9*l. Let p be (-4)/(-6) + (-8)/(-6). List the prime factors of (18/4 + l)*p.
3
Suppose 0*x - 30 = -j - 4*x, 2*j = -3*x + 60. Suppose k = 2*i + 3*k, 5*k = i - j. Suppose 2*d - 5*z + 9 = 1, -i*d - 2*z = -38. List the prime factors of d.
2, 3
Let i = -39 - -106. What are the prime factors of i?
67
Suppose -2*l + 8 = -6. Suppose -28 = l*f - 3*f. Let a = f - -10. What are the prime factors of a?
3
List the prime factors of ((-18)/12)/((-3)/62).
31
Suppose -x + 8 = 3*z - 1, 0 = -z - 4*x + 14. Suppose -o - 5*s = -19, z*s = o + 3*s - 15. What are the prime factors of o?
2, 7
Let f = 7 + -9. Let g be 19*(4/2)/f. Let k = 34 + g. What are the prime factors of k?
3, 5
Let h be (-6)/3 + 0 + -40. Let n be (-2)/(-5) - h/(-5). List the prime factors of n/(-2)*55/10.
2, 11
Let q = 263 + -30. What are the prime factors of q?
233
Suppose -2*k + 41 = -11. Let a = k - 3. List the prime factors of a.
23
Let a(m) = -m**3 + m**2 - m + 103. What are the prime factors of a(0)?
103
Let f = -1 - -5. Suppose -f*d + 2*c + 38 + 72 = 0, -c + 113 = 4*d. List the prime factors of d.
2, 7
Let z(y) = -y - 15. Let w(v) = -1. Let r(f) = 3*w(f) - z(f). What are the prime factors of r(7)?
19
Let g = 45 - 20. What are the prime factors of g?
5
Let u(m) = m - 1. Let o = 8 + -6. Let f be u(o). List the prime factors of (f - -10) + 3 + 2.
2
Let f(n) = n**3 + 9*n**2 + 6*n - 8. Let m be f(-6). Suppose -5*c + 304 = m. What are the prime factors of c?
2, 3
Let q be 2*-8*10/(-8). Suppose -g + q = 3*g. Suppose 2*s = j + 23, g*s - j + 2*j = 47. What are the prime factors of s?
2, 5
Let m(t) be the third derivative of -t**6/240 - t**5/40 - t**4/8 + 4*t**2. Let a(x) be the second derivative of m(x). What are the prime factors of a(-5)?
2, 3
Suppose -x + 4*x - 45 = 0. What are the prime factors of x?
3, 5
Let f(i) = 48*i + 1. List the prime factors of f(4).
193
Suppose u + w - 1 = -w, 4*u = 2*w + 24. Suppose 2*i = 4*i + 2*h - 4, u*i = 3*h - 6. Suppose 5 = 2*r + 3*q, i = 4*r - 6*q + q - 21. List the prime factors of r.
2
Let r(g) = -g**3 + 3*g**2 - 2. Let z be r(2). Suppose 5*i - 22 = -z. Let j = i - 0. What are the prime factors of j?
2
Suppose -1 = -k + 3. Let w(i) = i**3 - i**2 - i - 1. Let a(f) = -f**3 - 2*f**2 + 3. Let v(n) = -a(n) - 2*w(n). List the prime factors of v(k).
7
Suppose -5*h + 2*h = -21. What are the prime factors of h?
7
Let l = -1 + 24. Let i = l - 14. Let b = i - 4. List the prime factors of b.
5
Suppose 2*p - 2*f - 138 = 0, 0 = 3*p - 6*f + f - 209. What are the prime factors of p?
2, 17
Suppose 0 = -3*j + 2*b - 4 + 24, -2*j = 2*b. What are the prime factors of j?
2
Let f be -1*10*6/(-15). Suppose -f - 2 = -o. List the prime factors of o.
2, 3
Let i = 6 + -4. List the prime factors of ((-10)/15)/(i/(-36)).
2, 3
Let g(v) = 2*v - 4*v - 8 + v. Let x be g(-7). List the prime factors of x + -3*4/(-2).
5
Let m(n) = n**3 + 11*n**2 - 12*n + 11. What are the prime factors of m(-11)?
11, 13
Let q(l) = -2*l**3 + 7*l - 24. Let z(s) = -s**3 + 4*s - 12. Let h(n) = -4*q(n) + 7*z(n). Let d be h(0). Suppose 4 = 4*j - d. List the prime factors of j.
2
Let z = 263 + -134. What are the prime factors of z?
3, 43
Suppose 5*j = 2*s + 12, -j - 8 = -6*j - 2*s. List the prime factors of j.
2
Let n(v) = -v - 4. Let z be n(-6). Suppose 0 = -z*g + f + 3, -6 - 6 = -g - 3*f. Suppose g*p - 3*y = p - 5, -y - 10 = -3*p. List the prime factors of p.
5
Suppose -j = 1 - 11. List the prime factors of j.
2, 5
Let i(b) = -b**2 + 3*b + 2. Let y be i(3). Suppose 0 = 5*l - 0*l + 4*m - 3, -3*m - 15 = -y*l. List the prime factors of l.
3
Suppose -2 = -t - 5. Let v be (-2 - t) + -1 + -8. Let l = 14 + v. List the prime factors of l.
2, 3
Suppose 0 = -4*q + 5*x - 12, -5*q + 4*x = 2*x - 2. List the prime factors of q.
2
Suppose g - 2*w = 6, g - 5*g - 2 = 5*w. Suppose g*c + 3*d - 42 = 0, -19 - 3 = -2*c + 2*d. What are the prime factors of c?
3, 5
Let z = -5 + 5. Suppose 0 = -z*g - 4*g + 56. What are the prime factors of g?
2, 7
Let h(z) = z + 2. Let p be h(-2). Let q(c) = -c**2 + 12. List the prime factors of q(p).
2, 3
Let h = -159 - -278. List the prime factors of h.
7, 17
Let p(l) = l**2 + 1. Let s be p(2). Suppose -50 = -v - s. List the prime factors of v.
3, 5
Suppose 72 = 6*s - 2*s. List the prime factors of s.
2, 3
Suppose w - 4*w + 42 = 0. Let q = 24 - w. What are the prime factors of q?
2, 5
Suppose -3*i + 26 = 8. List the prime factors of (-678)/(-30) - i/10.
2, 11
Let f = -17 - -9. Let t = 10 + f. Let n = t + 8. What are the prime factors of n?
2, 5
Let m be ((-9)/6)/((-2)/4). Suppose 1 = -3*y - 4*z, -m*z - 2 = -4*y + 5*y. What are the prime factors of 11/((-1)/(y - 2))?
11
Suppose 0*u - 5*u + 1505 = 0. What are the prime factors of u?
7, 43
What are the prime factors of (-42)/(2 + -3 + 0)?
2, 3, 7
Let z(k) = k**3 - 8*k**2 + 5*k - 4. Let h be z(8). Suppose -40 = -0*t - 2*t - 4*q, -2*q - h = -3*t. What are the prime factors of t?
2, 7
Let h be (-3 + 13)*6/(-4). List the prime factors of (-110)/h - 4/(-6).
2
Let o(a) = a**2 + 2*a. Let k be o(-2). Suppose -3*w = 3*c - 51, -3*w - 4*c + 40 + 16 = k. What are the prime factors of w?
2, 3
Suppose -27*j = -23*j - 596. What are the prime factors of j?
149
Let b be 36/10*50/30. Suppose 2*p + c = 3, -5*c = 2*p + 18 - 1. Let r = b - p. What are the prime factors of r?
2
Let c be (-12)/54 + 58/18. Suppose -2*l = c*l - 110. List the prime factors of l.
2, 11
Let g = 11 - 8. What are the prime factors of (1 - -1)*2*g?
2, 3
Let l(d) = -d**3 - 8*d**2 + 15*d + 6. Let o be l(-10). Suppose 3*t - 2*t - 4 = -2*r, 5*t = 2*r + o. What are the prime factors of t?
2, 5
Suppose 80 = -2*c + 4*x + 30, 149 = -5*c - 2*x. Let u = -17 - c. Suppose 0*m + 4*m - u = 0. What are the prime factors of m?
3
Suppose 4*p - 16 = 3*h, 5*p = p - h. Let f be (-9)/(-2)*4*p. Suppose -4*a + 3*a + m = -8, 3*a - f = 5*m. List the prime factors of a.
11
Suppose 0*j = -2*j + 4*l + 56, -132 = -4*j + 4*l. Suppose 0 = -4*s + 42 + j. Suppose z + t + 11 = 5*z, 5*t = -5*z + s. What are the prime factors of z?
3
Let y(i) = i + 11 - 3 - 5. List the prime factors of y(8).
11
Let x(u) = -3*u + 1. Let l be x(-3). Let j = l - 1. List the prime factors of j.
3
Let j be 218/11 + 12/66. List the prime factors of (-27)/15*j/(-6).
2, 3
Suppose 1 - 4 = 3*f. Let q = -3 - f. List the prime factors of 9 - q*(-1)/2.
2
Suppose -3*c - 180 = -f, -3*f - 2*c + 570 = -c. What are the prime factors of f?
3, 7
Suppose 1 = -f + 2*f. Let l = f + 2. List the prime factors of l.
3
Suppose -634 + 130 = -3*g. List the prime factors of g.
2, 3, 7
Let o = 56 + -36. Suppose 0 = t + 4*r - o, t + 2 = -3*r + 18. Suppose -t*l + 35 + 25 = 4*d, 5*l = 5*d + 65. List the prime factors of l.
2, 7
Let v(j) = -3*j - 10. Let y be v(-4). List the prime factors of -11*(-1)/y*2.
11
Let z(f) = -f**2 - 7*f - 5. Let j be z(-4). Let k(l) = l**2 - 3*l - 17. List the prime factors of k(j).
11
Let t be 5/(-6) + 1/(-6). Let r = 5 + t. What are the prime factors of r?
2
Let u = -38 + 236. Suppose -p = -7*p + u. List the prime factors of p.
3, 11
Let t = -12 + 5. Let d(q) = 0*q**3 - 10*q - 3 + q + q**3 + 6*q**2. What are the prime factors of d(t)?
11
Suppose -8 = k - 14. Let h be (-2 - 1)*(-4)/k. What are the prime factors of 3/(h - 11/6)?
2, 3
Suppose 490 = 4*j - 370. List the prime factors of j.
5, 43
Suppose 4*v + 108 = 2*n, 3*v - 8 = -n + 46. Suppose -s + 4*s - n = 0. What are the prime factors of s?
2, 3
Let z = 1 - -2. Let i(w) = -2 + z*w - 4*w + 12. List the prime factors of i(5).
5
Let o = -16 + 72. List the prime factors of o.
2, 7
Suppose 11*q - 675 = 6*q. List the prime factors of q.
3, 5
Suppose 68 - 328 = -5*p. List the prime factors of p.
2, 13
Let k(a) = -a + 16. Let u be k(13). List the prime factors of 17/(0/u - -1).
17
Let l = 16 + -3. What are the prime factors of l?
13
Let o(r) = -r + 9. Let c be o(6). Suppose -c*s - 210 = 2*s. Let z = -27 - s. List the prime factors of z.
3, 5
Suppose -5*r - 165 = -4*u, u - 2*r - r - 36 = 0. Let